r of h and 50?
10
Suppose 5 + 1 = t. Suppose 2*g - 10 = -3*r, 3*g + 7 = -5*r + 23. Suppose t*m - m + r = 3*y, -42 = -3*y - 3*m. Calculate the greatest common factor of 27 and y.
9
Let d = 8 - -16. What is the highest common factor of d and 36?
12
Let o be (-7)/14 - (-147)/6. Calculate the highest common factor of 264 and o.
24
Let s = 11 - 8. Let d(t) = -2*t - t - s - 6. Let c be d(-6). What is the highest common factor of c and 27?
9
Suppose -5*a = -0 - 10. What is the greatest common divisor of a and 5?
1
Let m = 6 - 4. Let c(n) = 4*n**3 - n**2. Let k be c(-1). Let p(v) = -v**2 - 7*v - 5. Let w be p(k). Calculate the greatest common divisor of m and w.
1
Suppose -a - 48 = -2*a. Suppose 3*g - 5*g + 4*p + 32 = 0, -g + p = -16. What is the greatest common divisor of a and g?
16
Let b(c) = 80*c - 4. Let x be b(3). Let k = x + -96. Suppose 3*v = 4*d - 2*v - k, -5*v - 70 = -2*d. What is the greatest common divisor of 7 and d?
7
Let h be 2/(-4)*(-6 + 6). Suppose -2*r + 1 = -2*s - 9, -3*r - 5*s - 9 = h. Calculate the highest common divisor of 2 and r.
2
Let c(r) be the first derivative of 5*r**4/4 + r + 2. Let j be c(1). Let w = 10 - j. What is the highest common divisor of w and 1?
1
Let j = 7 + -3. Suppose -6*w + j*w = 6. Let u be (1/(-2))/(w/144). Calculate the greatest common divisor of u and 60.
12
Let c be -60*((-25)/(-20))/(-1). What is the highest common divisor of c and 15?
15
Let x be 4/(-14) + (-32)/(-14). Suppose 245 = 2*y - 5*h, -x*y + 0*y - 4*h + 200 = 0. Let l be -3*1 + 1 + 12. What is the highest common divisor of y and l?
10
Let t(s) = -s**3 - 3*s**2 + 4*s + 6. Let d be t(-4). What is the greatest common factor of d and 4?
2
Let k = -44 + 72. What is the greatest common factor of k and 14?
14
Let x = -10 + 17. Let d = -6 + x. Let q be d*(2 - (0 + -108)). What is the highest common divisor of q and 10?
10
Let u = -29 + 57. Calculate the greatest common factor of 252 and u.
28
Let i be -1 - 2/1 - -11. What is the highest common divisor of 56 and i?
8
Suppose -4*a = -a - 180. Suppose -5*f - 2*n = -a, 74 - 26 = 2*f - 4*n. Calculate the greatest common factor of 2 and f.
2
Let h = -8 - -160. What is the highest common divisor of 19 and h?
19
Let v = 119 + -49. Calculate the highest common divisor of v and 20.
10
Let f = -13 - -69. Suppose 33 = 3*v - k + 4*k, 3*k + 23 = v. What is the greatest common divisor of v and f?
14
Let s = 343 + -512. Let n be -250 + -1*2 - -2. Let q = s - n. Calculate the highest common divisor of q and 9.
9
Let y(p) = -4*p - 14. Let o be y(-6). Calculate the highest common factor of 5 and o.
5
Suppose 33 + 117 = 5*v. Let n(w) = w**3 - 33*w - 8. Let q be n(6). Calculate the greatest common factor of q and v.
10
Let t be (-7 - -7)/(1*2). Suppose t = -4*y + 6*y - 32. Calculate the greatest common divisor of 4 and y.
4
Let s(z) = -z**2 - 2*z + 5. Let n be s(-4). Let g = n - -19. Calculate the highest common divisor of g and 2.
2
Suppose 0 = -p - 4 + 2, 0 = -3*w + 5*p + 16. Calculate the highest common factor of 4 and w.
2
Let j(o) = 7*o**2 - 2*o + 1. Let k be j(-3). Let b = k - 14. Let v be (0 - -1)/((-1)/(-14)). What is the greatest common divisor of b and v?
14
Let d be (-4)/(6/3) + -1. Let b be 4 + -1 + 140 + d. What is the highest common factor of b and 14?
14
Suppose 3*f + 9 = -0*f. Let m be f/(-2)*4/(-6). Let q = 2 + m. What is the greatest common factor of q and 2?
1
Let j be (3*1/3)/(-1). Let i = 23 - j. What is the greatest common factor of i and 8?
8
Let l be 1 + 0 - 2*-4. Let g = l + -4. Let a = 87 - 72. Calculate the highest common divisor of a and g.
5
Suppose 9*p = 157 + 248. What is the greatest common divisor of p and 45?
45
Let n(o) be the third derivative of o**5/60 - o**4/6 + 3*o**3/2 + 4*o**2. Let v be n(6). What is the greatest common factor of v and 3?
3
Let c = -4 - -10. Let p be 1 + (-1)/(2/(-4)). Suppose 0 = -p*n + 4*n - 4. Calculate the greatest common divisor of n and c.
2
Suppose 0 = -4*h - 3*s, 5*h - 2*s + 7 = -4*s. Let n(w) = 6*w**2 - w - 3. Let g be n(h). Calculate the greatest common divisor of 18 and g.
18
Suppose 5*c + 5*k - 150 = 0, k - 4*k = -2*c + 70. Calculate the highest common factor of 80 and c.
16
Suppose -3*z + 0*k - k + 7 = 0, 0 = 5*z + 2*k - 12. Let c(b) = b + 4. Let p be c(-5). Let r be z*p + (28 - -4). What is the highest common divisor of r and 45?
15
Let z(y) = 9*y - 13. Let u = 16 - 6. Let c be z(u). What is the highest common factor of 11 and c?
11
Let s = 301 + -201. Let a = 20 + -12. Let g be 318/a - 2/(-8). What is the highest common divisor of g and s?
20
Let d = -6 + 9. Suppose 158 = d*s - 73. Calculate the greatest common divisor of 7 and s.
7
Suppose -h = -3*h + 24. Let b = 7 - 5. Suppose -102 = -b*a + 4*q + 126, 2*q = 2*a - 222. Calculate the greatest common factor of h and a.
12
Let c(b) = b + 12. Let d be c(0). What is the highest common factor of d and 12?
12
Suppose 0 = -3*f - 4*u - 7, -u - 9 = f + 2*u. Calculate the highest common factor of f and 24.
3
Suppose 540 = -0*a + 6*a. Calculate the highest common factor of 36 and a.
18
Let r = -3 - -7. Suppose -12 = -4*w - r*v, 3*v + 0*v + 9 = 0. Let n be -1 + 19 + -4 + w. Calculate the greatest common divisor of n and 50.
10
Let i be ((-45)/18)/(2/(-104)). Suppose -5*s + 0*s = -i. Suppose d - 37 = 28. Calculate the greatest common divisor of s and d.
13
Suppose 0 - 20 = -4*n. Let i be (1*-1)/(1/2). Let k = 7 + i. What is the greatest common factor of k and n?
5
Let l = -1 + 7. Let g(r) = -r**2 + 8*r - 3. Let w be g(l). Calculate the greatest common factor of w and 18.
9
Let m = -8 + 9. Let z be (-82)/(-8) - m/4. Let c = z - 8. Calculate the highest common divisor of 3 and c.
1
Suppose g + 4*g - 15 = 0. Suppose 0*s - 5*s = -g*n + 38, -n + s = -12. Calculate the highest common factor of 11 and n.
11
Let p be (-99)/(-12) + 3/4. Calculate the greatest common factor of 72 and p.
9
Let l(h) = 3*h - 2. Let n be l(4). Suppose -n = -3*s + a, s - 20 = -s + 4*a. Let z be 8/5*(33 + s). What is the highest common divisor of z and 7?
7
Let g be 2 - (-2*1 - 0). Suppose -3*u - 5 = -g*f - 3, u = -4*f + 10. Suppose 2*c + 2 = w - f, -44 = -3*w - 2*c. What is the greatest common factor of 18 and w?
6
Suppose -5*d = -2*t - 19, 3*d - 10 = -t + 8. Suppose -60 = -d*s - f - f, -f = 5*s - 65. Calculate the greatest common divisor of 154 and s.
14
Suppose 0 = 3*w - z - 38, -w + 2*z + 21 = -0*w. Calculate the highest common factor of 55 and w.
11
Suppose 2*c + 4*b - 44 = 0, -5*c + b + 97 = -c. Calculate the highest common factor of c and 9.
3
Let b(u) = u + 31. Let y be b(-11). What is the highest common divisor of 10 and y?
10
Suppose 22 = 5*q - u, 0 = 3*q - q - 4*u + 2. What is the highest common divisor of 5 and q?
5
Let i be (-5 + 45/10)/(1/(-26)). Let g(q) = 28*q**2 - 4*q - 3. Let r be g(-2). Calculate the greatest common divisor of i and r.
13
Let b = 18 - 12. Calculate the greatest common divisor of 66 and b.
6
Suppose a - 43 = -3*z, -3*z + 2*z - 4*a = -18. Suppose -d = -2*d + z. Let c be (-4)/d - 130/(-14). What is the greatest common divisor of 6 and c?
3
Suppose 0 = t + 3*t + 4, 0 = -2*o - 4*t + 300. Let q be (-17)/(-1) - -1*2. What is the greatest common divisor of q and o?
19
Let w(u) = u + 1. Let s be w(-8). Let k be (-72)/s + (-10)/35. What is the greatest common factor of k and 110?
10
Let u = 1 + 3. Suppose -u*v - 4*x + 116 = 0, 0 = -5*v - x - x + 157. Calculate the highest common divisor of v and 11.
11
Let q be ((-6)/(-4))/((-4)/(-8)). Suppose m - 1 - 2 = 2*c, 5*c = 10. Let r be (q - (-4 - -2))*m. Calculate the greatest common divisor of r and 14.
7
Let p = 95 - 79. Let v = 254 + -174. Calculate the highest common factor of v and p.
16
Suppose 5*n - 13 = -2*h - 0, 3*n + 2*h = 11. Let z(a) = -a - 2 - a + a**2 - n. Let y be z(8). What is the highest common divisor of 5 and y?
5
Let y be 2 + 2*-2 - -7. Suppose 50 + 70 = y*q. What is the highest common factor of q and 48?
24
Let j = 0 + 4. Suppose -j*i - 75 = -9*i - 3*u, 5 = -u. Let x(b) = b + 15. Let w be x(3). Calculate the highest common factor of w and i.
18
Let v = -87 - -137. What is the highest common factor of v and 125?
25
Suppose 4*p = -0*p. Suppose -2*y + 1 - 17 = -3*g, -4*y + 3*g - 44 = p. Let a = -6 - y. What is the highest common divisor of 16 and a?
8
S